 factor of 61665?
False
Is 82502888 a multiple of 52?
True
Is 8796136 a multiple of 8?
True
Is 227876345 a multiple of 145?
True
Is 3780 a factor of 4381640621?
False
Is 38620011 a multiple of 17?
False
Does 86 divide 545745594?
True
Does 153 divide 66376683?
False
Is 1555498434 a multiple of 42?
True
Does 107 divide 2613901609?
True
Is 12 a factor of 4245897852?
True
Does 7 divide 2157686202?
True
Does 72 divide 932621760?
True
Does 23 divide 623065311?
False
Is 53 a factor of 783911226?
False
Is 200580 a multiple of 5517?
False
Is 15341000 a multiple of 232?
True
Does 17 divide 38918737?
False
Is 169184208 a multiple of 76?
True
Is 35973905 a multiple of 97?
True
Is 479401200 a multiple of 90?
True
Does 140 divide 116503530?
False
Is 6067782 a multiple of 14?
True
Is 1495451543 a multiple of 8?
False
Is 634 a factor of 102848748?
True
Does 188 divide 74462476?
True
Does 27 divide 83119489?
False
Is 3435208036 a multiple of 218?
False
Is 281272570 a multiple of 2810?
True
Is 12648694 a multiple of 21?
False
Is 4020674 a multiple of 2?
True
Is 247 a factor of 13657124?
True
Is 69 a factor of 448996325?
False
Is 2517215238 a multiple of 8046?
True
Does 8 divide 202851043?
False
Is 286579716 a multiple of 2148?
True
Is 30 a factor of 1404780700?
False
Is 76 a factor of 1705425240?
False
Is 41 a factor of 6321019834?
False
Is 3 a factor of 22662329?
False
Does 23 divide 737886?
True
Does 29 divide 712851467?
False
Does 290 divide 1100313070?
True
Is 14 a factor of 15827335?
False
Is 8 a factor of 1176923711?
False
Is 20 a factor of 121842640?
True
Is 691288204 a multiple of 68?
True
Is 22580511 a multiple of 1173?
False
Is 89927082 a multiple of 2306?
True
Is 19 a factor of 24423338?
False
Does 436 divide 200239454?
False
Is 11 a factor of 26271839?
True
Does 356 divide 23979804?
True
Is 380 a factor of 49052300?
True
Is 37533016 a multiple of 6?
False
Is 49352416 a multiple of 193?
True
Is 300 a factor of 355667649?
False
Is 4010446 even?
True
Does 402 divide 528578158?
False
Is 218 a factor of 583717672?
True
Is 14029101 a multiple of 9?
True
Is 173591879 a multiple of 17?
True
Is 12370786 a multiple of 4?
False
Is 1062 a factor of 155630922?
False
Does 2389 divide 224814456?
True
Is 50273054 a multiple of 1861?
True
Does 65 divide 12964445?
True
Is 470 a factor of 11861619?
False
Does 7 divide 1910328?
True
Does 170 divide 42465150?
True
Is 901 a factor of 605618863?
True
Is 2827 a factor of 252948652?
True
Does 18 divide 1854163107?
False
Is 76 a factor of 2219234949?
False
Does 300 divide 307180848?
False
Is 62 a factor of 21018186?
True
Does 46 divide 40766304?
True
Is 106657582 a multiple of 17?
False
Is 157 a factor of 60884286?
True
Is 163531480 a multiple of 1042?
True
Is 31895600 a multiple of 121?
True
Does 2984 divide 842568208?
True
Is 417786102 a multiple of 1303?
True
Does 811 divide 111763099?
True
Is 1145301299 a multiple of 853?
False
Is 7528947 a multiple of 14?
False
Does 3 divide 6110187?
True
Does 26 divide 34491334?
False
Does 398 divide 234374240?
True
Is 243155544 a multiple of 24?
True
Is 352079836 a multiple of 187?
False
Is 134720121 a multiple of 348?
False
Does 412 divide 408482756?
True
Is 355 a factor of 15038848?
False
Does 1603 divide 110784422?
False
Is 10 a factor of 713214957?
False
Does 410 divide 90515968?
False
Is 307236607 a multiple of 4292?
False
Is 17880726 a multiple of 185?
False
Is 25219349 a multiple of 3?
False
Does 40 divide 4070668?
False
Is 2 a factor of 54679798?
True
Is 104908804 a multiple of 2717?
True
Is 1089469278 a multiple of 643?
False
Does 14 divide 20900113?
False
Does 1081 divide 3985534?
False
Does 199 divide 26765746?
False
Is 4 a factor of 3778723?
False
Does 126 divide 22764546?
True
Is 118534260 a multiple of 29?
False
Does 4 divide 69597215?
False
Does 3376 divide 347241856?
True
Is 9 a factor of 317217891?
False
Is 69967851 a multiple of 198?
False
Does 19 divide 8835023?
False
Is 147 a factor of 137022081?
True
Is 13 a factor of 1165024575?
True
Is 6977 a factor of 565541666?
True
Does 572 divide 44137898?
False
Does 12 divide 9749124?
True
Does 4939 divide 3783274?
True
Is 6 a factor of 188911788?
True
Is 39 a factor of 4197035?
False
Is 16 a factor of 8501168?
True
Is 1122 a factor of 33720588?
True
Is 914 a factor of 146360648?
True
Is 47883143 a multiple of 13?
False
Does 6 divide 30321089?
False
Is 14 a factor of 1973495272?
True
Is 117132450 a multiple of 30?
True
Is 270595223 a multiple of 2?
False
Is 26 a factor of 83356?
True
Is 270451290 a multiple of 18?
False
Does 6 divide 16934831?
False
Is 128090453 a multiple of 445?
False
Is 30 a factor of 141078990?
True
Does 235 divide 202247867?
False
Does 781 divide 140084065?
True
Does 162 divide 898802082?
True
Does 41 divide 239111763?
False
Is 120 a factor of 423090240?
True
Is 5638 a factor of 1078707264?
True
Is 43 a factor of 240473014?
False
Does 3775 divide 526914500?
True
Is 1066525729 a multiple of 8010?
False
Is 309 a factor of 46818135?
True
Is 967 a factor of 37632296?
False
Is 808 a factor of 227887579?
False
Does 1447 divide 1906561412?
True
Is 20374125 a multiple of 25?
True
Does 6 divide 2176056?
True
Is 2202239198 a multiple of 598?
False
Does 13 divide 36040836?
True
Is 24 a factor of 1092921648?
True
Is 6 a factor of 29592?
True
Is 45631931 a multiple of 3690?
False
Is 6 a factor of 840162948?
True
Is 26589766 a multiple of 826?
True
Is 773 a factor of 28653855?
False
Is 249 a factor of 7367687?
False
Does 8810 divide 748383070?
True
Is 375 a factor of 18216750?
True
Is 1324405264 a multiple of 34?
True
Is 14740982 a multiple of 214?
False
Is 60368292 a multiple of 306?
True
Is 481376292 a multiple of 12?
True
Is 1411271246 a multiple of 2926?
True
Is 618312134 a multiple of 22?
True
Is 20 a factor of 975985945?
False
Does 12 divide 1310109335?
False
Is 3 a factor of 86323037?
False
Is 711419854 a multiple of 497?
False
Is 524 a factor of 5783161?
False
Is 587 a factor of 2789931168?
True
Is 82833751 a multiple of 40?
False
Does 14 divide 182605060?
False
Is 2633870604 a multiple of 74?
True
Is 9 a factor of 41639337?
True
Is 532059185 a multiple of 3?
False
Is 15113462 a multiple of 8?
False
Is 86 a factor of 53574216?
True
Is 160 a factor of 186035680?
True
Is 34222188 a multiple of 546?
True
Is 494 a factor of 313432762?
False
Does 3099 divide 898722396?
True
Is 919621734 a multiple of 219?
True
Is 26471634 a multiple of 9?
False
Is 38 a factor of 14706608?
True
Is 26 a factor of 24916483?
False
Is 77 a factor of 69240248?
True
Is 26 a factor of 12665022?
False
Is 3111 a factor of 1617057357?
True
Is 15 a factor of 3050824470?
True
Is 309 a factor of 20972139?
True
Is 146759049 a multiple of 1220?
False
Does 154 divide 249150440?
True
Is 10 a factor of 77447623?
False
Does 56 divide 20423139?
False
Is 2508 a factor of 508725228?
True
Is 375940650 a multiple of 150?
True
Is 2124197995 a multiple of 497?
False
Is 6043387 a multiple of 44?
False
Is 187 a factor of 508180246?
False
Does 6 divide 7171736?
False
Is 78807456 a multiple of 336?
True
Is 1233 a factor of 83443053?
False
Is 6 a factor of 37280682?
True
Is 134444910 a multiple of 4915?
True
Is 43161336 a multiple of 162?
True
Does 131 divide 8818784?
False
Is 414 a factor of 19484082?
True
Is 504 a factor of 585665640?
True
Is 106 a factor of 3743953?
False
Is 2430 a factor of 224942165?
False
Is 521 a factor of 9153970?
True
Is 864420137 a multiple of 30?
False
Does 47 divide 29412612?
False
Does 143 divide 1565374123?
False
Is 13 a factor of 794903733?
True
Is 11811528 a multiple of 18?
True
Is 484184655 a multiple of 27?
True
Is 35 a factor of 624074628?
False
Is 5023648 a multiple of 287?
True
Is 12 a factor of 19882308?
True
Does 620 divide 48975040?
True
Is 6080796 a multiple of 12?
True
Is 218320183 a multiple of 60?
False
Is 6 a factor of 34382171?
False
Does 1109 divide 229251433?
False
Is 377 a factor of 2877914830?
False
Does 413 divide 2349923?
False
Is 149 a factor of 269657561?
False
Does 161 divide 247119866?
True
Is 7 a factor of 149123603?
False
Does 1298 divide 4122448?
True
Is 1565985 a multiple of 47?
False
Is 1704 a factor of 51687872?
False
Is 3642 a factor of 70543357?
False
Does 32 divide 111456510?
False
Is 19 a f